{"id":588,"date":"2018-06-24T17:16:52","date_gmt":"2018-06-24T15:16:52","guid":{"rendered":"http:\/\/www.vinspravi.es\/vinos-tintos\/"},"modified":"2019-01-22T09:29:09","modified_gmt":"2019-01-22T08:29:09","slug":"vins-rouges","status":"publish","type":"page","link":"https:\/\/www.vinspravi.es\/fr\/vins-rouges\/","title":{"rendered":"Vins rouges"},"content":{"rendered":"<div class=\"wpb-content-wrapper\"><p>[vc_row css_animation=&#8221;element_from_fade&#8221; row_type=&#8221;row&#8221; use_row_as_full_screen_section=&#8221;no&#8221; type=&#8221;grid&#8221; angled_section=&#8221;no&#8221; text_align=&#8221;left&#8221; background_image_as_pattern=&#8221;without_pattern&#8221; padding_top=&#8221;40&#8243; padding_bottom=&#8221;20&#8243; z_index=&#8221;&#8221;][vc_column][vc_column_text el_class=&#8221;section_title&#8221;]<\/p>\n<h1 style=\"text-align: center;\">Vins rouges<\/h1>\n<p>[\/vc_column_text][\/vc_column][\/vc_row][vc_row css_animation=&#8221;element_from_fade&#8221; row_type=&#8221;row&#8221; use_row_as_full_screen_section=&#8221;no&#8221; type=&#8221;grid&#8221; angled_section=&#8221;no&#8221; text_align=&#8221;left&#8221; background_image_as_pattern=&#8221;without_pattern&#8221; padding_bottom=&#8221;70&#8243; z_index=&#8221;&#8221;][vc_column]<div class='projects_holder_outer v3 portfolio_with_space portfolio_with_hover_text'><div class='projects_holder portfolio_main_holder clearfix v3 hover_text portfolio_square_image '>\n<article class='mix portfolio_category_44 ' style=''><div class='image_holder'><a itemprop='url' class='portfolio_link_for_touch' href='https:\/\/www.vinspravi.es\/fr\/productos\/heredad-condal-catalunya-d-o-rouge\/' target='_self'><span class='image'><img loading=\"lazy\" decoding=\"async\" width=\"570\" height=\"570\" src=\"https:\/\/www.vinspravi.es\/wp-content\/uploads\/2018\/11\/heradadcondal-negre-sm-570x570.png\" class=\"attachment-portfolio-square size-portfolio-square wp-post-image\" alt=\"Heredad Condal\" srcset=\"https:\/\/www.vinspravi.es\/wp-content\/uploads\/2018\/11\/heradadcondal-negre-sm-570x570.png 570w, https:\/\/www.vinspravi.es\/wp-content\/uploads\/2018\/11\/heradadcondal-negre-sm-300x300.png 300w, https:\/\/www.vinspravi.es\/wp-content\/uploads\/2018\/11\/heradadcondal-negre-sm-100x100.png 100w, https:\/\/www.vinspravi.es\/wp-content\/uploads\/2018\/11\/heradadcondal-negre-sm-600x600.png 600w, https:\/\/www.vinspravi.es\/wp-content\/uploads\/2018\/11\/heradadcondal-negre-sm-64x64.png 64w, https:\/\/www.vinspravi.es\/wp-content\/uploads\/2018\/11\/heradadcondal-negre-sm-150x150.png 150w, https:\/\/www.vinspravi.es\/wp-content\/uploads\/2018\/11\/heradadcondal-negre-sm-500x500.png 500w, https:\/\/www.vinspravi.es\/wp-content\/uploads\/2018\/11\/heradadcondal-negre-sm.png 700w\" sizes=\"auto, (max-width: 570px) 100vw, 570px\" \/><\/span><\/a><span class='text_holder'><span class='text_outer'><span class='text_inner'><div class=\"hover_feature_holder_title\"><div class=\"hover_feature_holder_title_inner\"><h5 itemprop=\"name\" class=\"portfolio_title entry_title\"><a itemprop=\"url\" href=\"https:\/\/www.vinspravi.es\/fr\/productos\/heredad-condal-catalunya-d-o-rouge\/\"  target=\"_self\">HEREDAD CONDAL, Catalunya D.O. Rouge<\/a><\/h5><\/div><\/div><span class='feature_holder'><span class=\"feature_holder_icons\"><span class='portfolio_like qbutton small white'><a  href=\"#\" class=\"qode-like\" id=\"qode-like-626\" title=\"Like this\">0<span>  Likes<\/span><\/a><\/span><\/span><\/span><\/span><\/span><\/span><\/div><\/article>\n<article class='mix portfolio_category_44 ' style=''><div class='image_holder'><a itemprop='url' class='portfolio_link_for_touch' href='https:\/\/www.vinspravi.es\/fr\/productos\/vinya-del-pont-nou-rouge\/' target='_self'><span class='image'><img loading=\"lazy\" decoding=\"async\" width=\"570\" height=\"570\" src=\"https:\/\/www.vinspravi.es\/wp-content\/uploads\/2018\/11\/vinyadelpontnou_negre_sm-570x570.png\" class=\"attachment-portfolio-square size-portfolio-square wp-post-image\" alt=\"Vinya del Pont\" srcset=\"https:\/\/www.vinspravi.es\/wp-content\/uploads\/2018\/11\/vinyadelpontnou_negre_sm-570x570.png 570w, https:\/\/www.vinspravi.es\/wp-content\/uploads\/2018\/11\/vinyadelpontnou_negre_sm-300x300.png 300w, https:\/\/www.vinspravi.es\/wp-content\/uploads\/2018\/11\/vinyadelpontnou_negre_sm-100x100.png 100w, https:\/\/www.vinspravi.es\/wp-content\/uploads\/2018\/11\/vinyadelpontnou_negre_sm-600x600.png 600w, https:\/\/www.vinspravi.es\/wp-content\/uploads\/2018\/11\/vinyadelpontnou_negre_sm-64x64.png 64w, https:\/\/www.vinspravi.es\/wp-content\/uploads\/2018\/11\/vinyadelpontnou_negre_sm-150x150.png 150w, https:\/\/www.vinspravi.es\/wp-content\/uploads\/2018\/11\/vinyadelpontnou_negre_sm-500x500.png 500w, https:\/\/www.vinspravi.es\/wp-content\/uploads\/2018\/11\/vinyadelpontnou_negre_sm.png 700w\" sizes=\"auto, (max-width: 570px) 100vw, 570px\" \/><\/span><\/a><span class='text_holder'><span class='text_outer'><span class='text_inner'><div class=\"hover_feature_holder_title\"><div class=\"hover_feature_holder_title_inner\"><h5 itemprop=\"name\" class=\"portfolio_title entry_title\"><a itemprop=\"url\" href=\"https:\/\/www.vinspravi.es\/fr\/productos\/vinya-del-pont-nou-rouge\/\"  target=\"_self\">Vinya del Pont Nou Rouge<\/a><\/h5><\/div><\/div><span class='feature_holder'><span class=\"feature_holder_icons\"><span class='portfolio_like qbutton small white'><a  href=\"#\" class=\"qode-like\" id=\"qode-like-623\" title=\"Like this\">0<span>  Likes<\/span><\/a><\/span><\/span><\/span><\/span><\/span><\/span><\/div><\/article>\n<article class='mix portfolio_category_44 ' style=''><div class='image_holder'><a itemprop='url' class='portfolio_link_for_touch' href='https:\/\/www.vinspravi.es\/fr\/productos\/gran-pravi-rouge\/' target='_self'><span class='image'><img loading=\"lazy\" decoding=\"async\" width=\"570\" height=\"570\" src=\"https:\/\/www.vinspravi.es\/wp-content\/uploads\/2018\/06\/granpravi-negre-sm-570x570.png\" class=\"attachment-portfolio-square size-portfolio-square wp-post-image\" alt=\"Gran Pravi\" srcset=\"https:\/\/www.vinspravi.es\/wp-content\/uploads\/2018\/06\/granpravi-negre-sm-570x570.png 570w, https:\/\/www.vinspravi.es\/wp-content\/uploads\/2018\/06\/granpravi-negre-sm-300x300.png 300w, https:\/\/www.vinspravi.es\/wp-content\/uploads\/2018\/06\/granpravi-negre-sm-100x100.png 100w, https:\/\/www.vinspravi.es\/wp-content\/uploads\/2018\/06\/granpravi-negre-sm-600x600.png 600w, https:\/\/www.vinspravi.es\/wp-content\/uploads\/2018\/06\/granpravi-negre-sm-64x64.png 64w, https:\/\/www.vinspravi.es\/wp-content\/uploads\/2018\/06\/granpravi-negre-sm-150x150.png 150w, https:\/\/www.vinspravi.es\/wp-content\/uploads\/2018\/06\/granpravi-negre-sm-500x500.png 500w, https:\/\/www.vinspravi.es\/wp-content\/uploads\/2018\/06\/granpravi-negre-sm.png 700w\" sizes=\"auto, (max-width: 570px) 100vw, 570px\" \/><\/span><\/a><span class='text_holder'><span class='text_outer'><span class='text_inner'><div class=\"hover_feature_holder_title\"><div class=\"hover_feature_holder_title_inner\"><h5 itemprop=\"name\" class=\"portfolio_title entry_title\"><a itemprop=\"url\" href=\"https:\/\/www.vinspravi.es\/fr\/productos\/gran-pravi-rouge\/\"  target=\"_self\">Gran Pravi Rouge<\/a><\/h5><\/div><\/div><span class='feature_holder'><span class=\"feature_holder_icons\"><span class='portfolio_like qbutton small white'><a  href=\"#\" class=\"qode-like\" id=\"qode-like-620\" title=\"Like this\">0<span>  Likes<\/span><\/a><\/span><\/span><\/span><\/span><\/span><\/span><\/div><\/article>\n<article class='mix portfolio_category_44 ' style=''><div class='image_holder'><a itemprop='url' class='portfolio_link_for_touch' href='https:\/\/www.vinspravi.es\/fr\/productos\/vinya-del-pont-rouge\/' target='_self'><span class='image'><img loading=\"lazy\" decoding=\"async\" width=\"570\" height=\"570\" src=\"https:\/\/www.vinspravi.es\/wp-content\/uploads\/2018\/06\/vinyadelpont_negre_sm-1-570x570.png\" class=\"attachment-portfolio-square size-portfolio-square wp-post-image\" alt=\"Vinya del Pont\" srcset=\"https:\/\/www.vinspravi.es\/wp-content\/uploads\/2018\/06\/vinyadelpont_negre_sm-1-570x570.png 570w, https:\/\/www.vinspravi.es\/wp-content\/uploads\/2018\/06\/vinyadelpont_negre_sm-1-300x300.png 300w, https:\/\/www.vinspravi.es\/wp-content\/uploads\/2018\/06\/vinyadelpont_negre_sm-1-100x100.png 100w, https:\/\/www.vinspravi.es\/wp-content\/uploads\/2018\/06\/vinyadelpont_negre_sm-1-600x600.png 600w, https:\/\/www.vinspravi.es\/wp-content\/uploads\/2018\/06\/vinyadelpont_negre_sm-1-64x64.png 64w, https:\/\/www.vinspravi.es\/wp-content\/uploads\/2018\/06\/vinyadelpont_negre_sm-1-150x150.png 150w, https:\/\/www.vinspravi.es\/wp-content\/uploads\/2018\/06\/vinyadelpont_negre_sm-1-500x500.png 500w, https:\/\/www.vinspravi.es\/wp-content\/uploads\/2018\/06\/vinyadelpont_negre_sm-1.png 700w\" sizes=\"auto, (max-width: 570px) 100vw, 570px\" \/><\/span><\/a><span class='text_holder'><span class='text_outer'><span class='text_inner'><div class=\"hover_feature_holder_title\"><div class=\"hover_feature_holder_title_inner\"><h5 itemprop=\"name\" class=\"portfolio_title entry_title\"><a itemprop=\"url\" href=\"https:\/\/www.vinspravi.es\/fr\/productos\/vinya-del-pont-rouge\/\"  target=\"_self\">Vinya del Pont rouge<\/a><\/h5><\/div><\/div><span class='feature_holder'><span class=\"feature_holder_icons\"><span class='portfolio_like qbutton small white'><a  href=\"#\" class=\"qode-like\" id=\"qode-like-617\" title=\"Like this\">0<span>  Likes<\/span><\/a><\/span><\/span><\/span><\/span><\/span><\/span><\/div><\/article>\n<div class='filler'><\/div>\n<div class='filler'><\/div>\n<div class='filler'><\/div>\n<\/div><\/div>[\/vc_column][\/vc_row][vc_row css_animation=&#8221;element_from_fade&#8221; row_type=&#8221;row&#8221; use_row_as_full_screen_section=&#8221;no&#8221; type=&#8221;grid&#8221; angled_section=&#8221;no&#8221; text_align=&#8221;center&#8221; background_image=&#8221;705&#8243; background_image_as_pattern=&#8221;without_pattern&#8221; el_class=&#8221;home_visitans&#8221; z_index=&#8221;&#8221;][vc_column][vc_column_text]<\/p>\n<h3 style=\"text-align: center;\">Venez visiter notre magasin de Manresa.<\/h3>\n<p style=\"text-align: center;\">Nous pourrons vous offrir nos produits au d\u00e9tail ou en diff\u00e9rents formats : vin classique, vins sp\u00e9ciaux de Catalogne, Montsant, Empord\u00e0, Terra Alta et d\u00b4autres r\u00e9gions comme Logro\u00f1o, Valladolid et Aragon, ainsi que d\u2019excellents vins g\u00e9n\u00e9reux tels que le muscat, la mistelle, le vin rancio, le vin de messe\u2026 aussi au d\u00e9tail !<\/p>\n<p>[\/vc_column_text][\/vc_column][\/vc_row]<\/p>\n<\/div>","protected":false},"excerpt":{"rendered":"<p>[vc_row css_animation=&#8221;element_from_fade&#8221; row_type=&#8221;row&#8221; use_row_as_full_screen_section=&#8221;no&#8221; type=&#8221;grid&#8221; angled_section=&#8221;no&#8221; text_align=&#8221;left&#8221; background_image_as_pattern=&#8221;without_pattern&#8221; padding_top=&#8221;40&#8243; padding_bottom=&#8221;20&#8243; z_index=&#8221;&#8221;][vc_column][vc_column_text el_class=&#8221;section_title&#8221;] Vins rouges [\/vc_column_text][\/vc_column][\/vc_row][vc_row css_animation=&#8221;element_from_fade&#8221; row_type=&#8221;row&#8221; use_row_as_full_screen_section=&#8221;no&#8221; type=&#8221;grid&#8221; angled_section=&#8221;no&#8221; text_align=&#8221;left&#8221; background_image_as_pattern=&#8221;without_pattern&#8221; padding_bottom=&#8221;70&#8243; z_index=&#8221;&#8221;][vc_column][\/vc_column][\/vc_row][vc_row css_animation=&#8221;element_from_fade&#8221; row_type=&#8221;row&#8221; use_row_as_full_screen_section=&#8221;no&#8221; type=&#8221;grid&#8221; angled_section=&#8221;no&#8221; text_align=&#8221;center&#8221; background_image=&#8221;705&#8243; background_image_as_pattern=&#8221;without_pattern&#8221; el_class=&#8221;home_visitans&#8221; z_index=&#8221;&#8221;][vc_column][vc_column_text] Venez visiter notre magasin de Manresa. Nous pourrons vous offrir nos&#8230;<\/p>\n","protected":false},"author":1,"featured_media":0,"parent":0,"menu_order":0,"comment_status":"closed","ping_status":"closed","template":"full_width.php","meta":{"footnotes":""},"class_list":["post-588","page","type-page","status-publish","hentry"],"_links":{"self":[{"href":"https:\/\/www.vinspravi.es\/fr\/wp-json\/wp\/v2\/pages\/588","targetHints":{"allow":["GET"]}}],"collection":[{"href":"https:\/\/www.vinspravi.es\/fr\/wp-json\/wp\/v2\/pages"}],"about":[{"href":"https:\/\/www.vinspravi.es\/fr\/wp-json\/wp\/v2\/types\/page"}],"author":[{"embeddable":true,"href":"https:\/\/www.vinspravi.es\/fr\/wp-json\/wp\/v2\/users\/1"}],"replies":[{"embeddable":true,"href":"https:\/\/www.vinspravi.es\/fr\/wp-json\/wp\/v2\/comments?post=588"}],"version-history":[{"count":3,"href":"https:\/\/www.vinspravi.es\/fr\/wp-json\/wp\/v2\/pages\/588\/revisions"}],"predecessor-version":[{"id":774,"href":"https:\/\/www.vinspravi.es\/fr\/wp-json\/wp\/v2\/pages\/588\/revisions\/774"}],"wp:attachment":[{"href":"https:\/\/www.vinspravi.es\/fr\/wp-json\/wp\/v2\/media?parent=588"}],"curies":[{"name":"wp","href":"https:\/\/api.w.org\/{rel}","templated":true}]}}

<div class="wpb-content-wrapper"><p>[vc_row css_animation=&#8221;element_from_fade&#8221; row_type=&#8221;row&#8221; use_row_as_full_screen_section=&#8221;no&#8221; type=&#8221;grid&#8221; angled_section=&#8221;no&#8221; text_align=&#8221;left&#8221; background_image_as_pattern=&#8221;without_pattern&#8221; padding_top=&#8221;40&#8243; padding_bottom=&#8221;20&#8243; z_index=&#8221;&#8221;][vc_column][vc_column_text el_class=&#8221;section_title&#8221;]</p>
<h1 style="text-align: center;">Vins rouges</h1>
<p>[/vc_column_text][/vc_column][/vc_row][vc_row css_animation=&#8221;element_from_fade&#8221; row_type=&#8221;row&#8221; use_row_as_full_screen_section=&#8221;no&#8221; type=&#8221;grid&#8221; angled_section=&#8221;no&#8221; text_align=&#8221;left&#8221; background_image_as_pattern=&#8221;without_pattern&#8221; padding_bottom=&#8221;70&#8243; z_index=&#8221;&#8221;][vc_column]<div class='projects_holder_outer v3 portfolio_with_space portfolio_with_hover_text'><div class='projects_holder portfolio_main_holder clearfix v3 hover_text portfolio_square_image '>
<article class='mix portfolio_category_44 ' style=''><div class='image_holder'><a itemprop='url' class='portfolio_link_for_touch' href='https://www.vinspravi.es/fr/productos/heredad-condal-catalunya-d-o-rouge/' target='_self'><span class='image'><img loading="lazy" decoding="async" width="570" height="570" src="https://www.vinspravi.es/wp-content/uploads/2018/11/heradadcondal-negre-sm-570x570.png" class="attachment-portfolio-square size-portfolio-square wp-post-image" alt="Heredad Condal" srcset="https://www.vinspravi.es/wp-content/uploads/2018/11/heradadcondal-negre-sm-570x570.png 570w, https://www.vinspravi.es/wp-content/uploads/2018/11/heradadcondal-negre-sm-300x300.png 300w, https://www.vinspravi.es/wp-content/uploads/2018/11/heradadcondal-negre-sm-100x100.png 100w, https://www.vinspravi.es/wp-content/uploads/2018/11/heradadcondal-negre-sm-600x600.png 600w, https://www.vinspravi.es/wp-content/uploads/2018/11/heradadcondal-negre-sm-64x64.png 64w, https://www.vinspravi.es/wp-content/uploads/2018/11/heradadcondal-negre-sm-150x150.png 150w, https://www.vinspravi.es/wp-content/uploads/2018/11/heradadcondal-negre-sm-500x500.png 500w, https://www.vinspravi.es/wp-content/uploads/2018/11/heradadcondal-negre-sm.png 700w" sizes="auto, (max-width: 570px) 100vw, 570px" /></span></a><span class='text_holder'><span class='text_outer'><span class='text_inner'><div class="hover_feature_holder_title"><div class="hover_feature_holder_title_inner"><h5 itemprop="name" class="portfolio_title entry_title"><a itemprop="url" href="https://www.vinspravi.es/fr/productos/heredad-condal-catalunya-d-o-rouge/"  target="_self">HEREDAD CONDAL, Catalunya D.O. Rouge</a></h5></div></div><span class='feature_holder'><span class="feature_holder_icons"><span class='portfolio_like qbutton small white'><a  href="#" class="qode-like" id="qode-like-626" title="Like this">0<span>  Likes</span></a></span></span></span></span></span></span></div></article>
<article class='mix portfolio_category_44 ' style=''><div class='image_holder'><a itemprop='url' class='portfolio_link_for_touch' href='https://www.vinspravi.es/fr/productos/vinya-del-pont-nou-rouge/' target='_self'><span class='image'><img loading="lazy" decoding="async" width="570" height="570" src="https://www.vinspravi.es/wp-content/uploads/2018/11/vinyadelpontnou_negre_sm-570x570.png" class="attachment-portfolio-square size-portfolio-square wp-post-image" alt="Vinya del Pont" srcset="https://www.vinspravi.es/wp-content/uploads/2018/11/vinyadelpontnou_negre_sm-570x570.png 570w, https://www.vinspravi.es/wp-content/uploads/2018/11/vinyadelpontnou_negre_sm-300x300.png 300w, https://www.vinspravi.es/wp-content/uploads/2018/11/vinyadelpontnou_negre_sm-100x100.png 100w, https://www.vinspravi.es/wp-content/uploads/2018/11/vinyadelpontnou_negre_sm-600x600.png 600w, https://www.vinspravi.es/wp-content/uploads/2018/11/vinyadelpontnou_negre_sm-64x64.png 64w, https://www.vinspravi.es/wp-content/uploads/2018/11/vinyadelpontnou_negre_sm-150x150.png 150w, https://www.vinspravi.es/wp-content/uploads/2018/11/vinyadelpontnou_negre_sm-500x500.png 500w, https://www.vinspravi.es/wp-content/uploads/2018/11/vinyadelpontnou_negre_sm.png 700w" sizes="auto, (max-width: 570px) 100vw, 570px" /></span></a><span class='text_holder'><span class='text_outer'><span class='text_inner'><div class="hover_feature_holder_title"><div class="hover_feature_holder_title_inner"><h5 itemprop="name" class="portfolio_title entry_title"><a itemprop="url" href="https://www.vinspravi.es/fr/productos/vinya-del-pont-nou-rouge/"  target="_self">Vinya del Pont Nou Rouge</a></h5></div></div><span class='feature_holder'><span class="feature_holder_icons"><span class='portfolio_like qbutton small white'><a  href="#" class="qode-like" id="qode-like-623" title="Like this">0<span>  Likes</span></a></span></span></span></span></span></span></div></article>
<article class='mix portfolio_category_44 ' style=''><div class='image_holder'><a itemprop='url' class='portfolio_link_for_touch' href='https://www.vinspravi.es/fr/productos/gran-pravi-rouge/' target='_self'><span class='image'><img loading="lazy" decoding="async" width="570" height="570" src="https://www.vinspravi.es/wp-content/uploads/2018/06/granpravi-negre-sm-570x570.png" class="attachment-portfolio-square size-portfolio-square wp-post-image" alt="Gran Pravi" srcset="https://www.vinspravi.es/wp-content/uploads/2018/06/granpravi-negre-sm-570x570.png 570w, https://www.vinspravi.es/wp-content/uploads/2018/06/granpravi-negre-sm-300x300.png 300w, https://www.vinspravi.es/wp-content/uploads/2018/06/granpravi-negre-sm-100x100.png 100w, https://www.vinspravi.es/wp-content/uploads/2018/06/granpravi-negre-sm-600x600.png 600w, https://www.vinspravi.es/wp-content/uploads/2018/06/granpravi-negre-sm-64x64.png 64w, https://www.vinspravi.es/wp-content/uploads/2018/06/granpravi-negre-sm-150x150.png 150w, https://www.vinspravi.es/wp-content/uploads/2018/06/granpravi-negre-sm-500x500.png 500w, https://www.vinspravi.es/wp-content/uploads/2018/06/granpravi-negre-sm.png 700w" sizes="auto, (max-width: 570px) 100vw, 570px" /></span></a><span class='text_holder'><span class='text_outer'><span class='text_inner'><div class="hover_feature_holder_title"><div class="hover_feature_holder_title_inner"><h5 itemprop="name" class="portfolio_title entry_title"><a itemprop="url" href="https://www.vinspravi.es/fr/productos/gran-pravi-rouge/"  target="_self">Gran Pravi Rouge</a></h5></div></div><span class='feature_holder'><span class="feature_holder_icons"><span class='portfolio_like qbutton small white'><a  href="#" class="qode-like" id="qode-like-620" title="Like this">0<span>  Likes</span></a></span></span></span></span></span></span></div></article>
<article class='mix portfolio_category_44 ' style=''><div class='image_holder'><a itemprop='url' class='portfolio_link_for_touch' href='https://www.vinspravi.es/fr/productos/vinya-del-pont-rouge/' target='_self'><span class='image'><img loading="lazy" decoding="async" width="570" height="570" src="https://www.vinspravi.es/wp-content/uploads/2018/06/vinyadelpont_negre_sm-1-570x570.png" class="attachment-portfolio-square size-portfolio-square wp-post-image" alt="Vinya del Pont" srcset="https://www.vinspravi.es/wp-content/uploads/2018/06/vinyadelpont_negre_sm-1-570x570.png 570w, https://www.vinspravi.es/wp-content/uploads/2018/06/vinyadelpont_negre_sm-1-300x300.png 300w, https://www.vinspravi.es/wp-content/uploads/2018/06/vinyadelpont_negre_sm-1-100x100.png 100w, https://www.vinspravi.es/wp-content/uploads/2018/06/vinyadelpont_negre_sm-1-600x600.png 600w, https://www.vinspravi.es/wp-content/uploads/2018/06/vinyadelpont_negre_sm-1-64x64.png 64w, https://www.vinspravi.es/wp-content/uploads/2018/06/vinyadelpont_negre_sm-1-150x150.png 150w, https://www.vinspravi.es/wp-content/uploads/2018/06/vinyadelpont_negre_sm-1-500x500.png 500w, https://www.vinspravi.es/wp-content/uploads/2018/06/vinyadelpont_negre_sm-1.png 700w" sizes="auto, (max-width: 570px) 100vw, 570px" /></span></a><span class='text_holder'><span class='text_outer'><span class='text_inner'><div class="hover_feature_holder_title"><div class="hover_feature_holder_title_inner"><h5 itemprop="name" class="portfolio_title entry_title"><a itemprop="url" href="https://www.vinspravi.es/fr/productos/vinya-del-pont-rouge/"  target="_self">Vinya del Pont rouge</a></h5></div></div><span class='feature_holder'><span class="feature_holder_icons"><span class='portfolio_like qbutton small white'><a  href="#" class="qode-like" id="qode-like-617" title="Like this">0<span>  Likes</span></a></span></span></span></span></span></span></div></article>
<div class='filler'></div>
<div class='filler'></div>
<div class='filler'></div>
</div></div>[/vc_column][/vc_row][vc_row css_animation=&#8221;element_from_fade&#8221; row_type=&#8221;row&#8221; use_row_as_full_screen_section=&#8221;no&#8221; type=&#8221;grid&#8221; angled_section=&#8221;no&#8221; text_align=&#8221;center&#8221; background_image=&#8221;705&#8243; background_image_as_pattern=&#8221;without_pattern&#8221; el_class=&#8221;home_visitans&#8221; z_index=&#8221;&#8221;][vc_column][vc_column_text]</p>
<h3 style="text-align: center;">Venez visiter notre magasin de Manresa.</h3>
<p style="text-align: center;">Nous pourrons vous offrir nos produits au détail ou en différents formats : vin classique, vins spéciaux de Catalogne, Montsant, Empordà, Terra Alta et d´autres régions comme Logroño, Valladolid et Aragon, ainsi que d’excellents vins généreux tels que le muscat, la mistelle, le vin rancio, le vin de messe… aussi au détail !</p>
<p>[/vc_column_text][/vc_column][/vc_row]</p>
</div>
