{"id":209,"date":"2018-06-23T14:56:43","date_gmt":"2018-06-23T12:56:43","guid":{"rendered":"http:\/\/www.vinspravi.es\/presentacion\/"},"modified":"2019-04-13T14:14:22","modified_gmt":"2019-04-13T12:14:22","slug":"presentacio","status":"publish","type":"page","link":"https:\/\/www.vinspravi.es\/ca\/presentacio\/","title":{"rendered":"Presentaci\u00f3"},"content":{"rendered":"<div class=\"wpb-content-wrapper\"><p>[vc_row css_animation=&#8221;element_from_fade&#8221; row_type=&#8221;row&#8221; use_row_as_full_screen_section=&#8221;no&#8221; type=&#8221;grid&#8221; angled_section=&#8221;no&#8221; text_align=&#8221;left&#8221; background_image_as_pattern=&#8221;without_pattern&#8221; padding_top=&#8221;40&#8243; padding_bottom=&#8221;40&#8243; z_index=&#8221;&#8221;][vc_column][vc_column_text el_class=&#8221;section_title&#8221;]<\/p>\n<h1 style=\"text-align: center;\">Vins Pravi, escollim, envasem i distribu\u00efm vi<\/h1>\n<p style=\"text-align: center;\">Embotellament, venda i distribuci\u00f3 de vi per a restaurants i establiments<\/p>\n<p>[\/vc_column_text][vc_single_image image=&#8221;42&#8243; img_size=&#8221;full&#8221; alignment=&#8221;center&#8221; qode_css_animation=&#8221;&#8221;][\/vc_column][\/vc_row][vc_row css_animation=&#8221;element_from_fade&#8221; row_type=&#8221;row&#8221; use_row_as_full_screen_section=&#8221;no&#8221; type=&#8221;grid&#8221; angled_section=&#8221;no&#8221; text_align=&#8221;left&#8221; background_image_as_pattern=&#8221;without_pattern&#8221; z_index=&#8221;&#8221;][vc_column width=&#8221;1\/2&#8243; el_class=&#8221;col-more-sep&#8221;][vc_column_text]Vins Pravi, \u00e9s una empresa envasadora de vi que nasqu\u00e9 el 1964 de la m\u00e0 del seu fundador, Josep Prat. Des de l\u2019etiqueta d\u2019empresa familiar, l\u2019esfor\u00e7 personal, l\u2019empenta i la qualitat humana, han fet possible que passats mes de 50 anys, segueixi envasant i distribuint els seus productes.<\/p>\n<p>En aquest cam\u00ed, al llarg de les d\u00e8cades, s\u2019hi ha unit la creaci\u00f3 de marques pr\u00f2pies Gran Pravi, Vinya del Pont \u2026 , darrera les quals, hi ha vi de gran qualitat a un preu ajustat. Per a aquest prop\u00f2sit, la innovaci\u00f3 tecnol\u00f2gica va ha tingut un paper destacat. Des de les omplidores manuals, passant per les primers m\u00e0quines d\u2019omplir garrafes, fins les d\u2019 injecci\u00f3 de gas nitrogen. Des de la pasteuritzaci\u00f3 fins les darreres t\u00e8cniques de microfiltraci\u00f3 bacteriana del vi.[\/vc_column_text][\/vc_column][vc_column width=&#8221;1\/2&#8243; el_class=&#8221;col-more-sep&#8221;][vc_column_text]Tot aix\u00f2, ha servit per adequar els diferents productes a les necessitats dels nostres clients. La culminaci\u00f3 d\u2019aquest esfor\u00e7 perllongat al llarg del temps, arrib\u00e0 el 2004, moment que Vins Pravi s\u2019adher\u00ed a la Denominaci\u00f3 d\u2019Origen Catalunya. Des d\u2019aquest instant, una nova marca anomenada Heredad Condal, i de la m\u00e0 i garantia de la D.O. Catalunya, inici\u00e0 un viatge a trav\u00e9s de les taules del pa\u00eds.<\/p>\n<p>Des de la humilitat, la mod\u00e8stia i l\u2019esfor\u00e7, que ha caracteritzat l\u2019empresa des dels seus origens, ens plau poder presentar a dia d\u2019avui una fam\u00edlia de productes que s\u2019est\u00e9n des dels mes tradicionals vins de taula fins als vins de Denominaci\u00f3 d\u2019Origen. Per a nosaltres es un plaer i un honor formar part de la rica i hist\u00f2rica oferta vin\u00edcola d\u2019aquest pa\u00eds.[\/vc_column_text][\/vc_column][\/vc_row][vc_row css_animation=&#8221;element_from_fade&#8221; row_type=&#8221;row&#8221; use_row_as_full_screen_section=&#8221;no&#8221; type=&#8221;grid&#8221; angled_section=&#8221;no&#8221; text_align=&#8221;left&#8221; background_image_as_pattern=&#8221;without_pattern&#8221; padding_top=&#8221;70&#8243; padding_bottom=&#8221;70&#8243; z_index=&#8221;&#8221;][vc_column][vc_gallery type=&#8221;image_grid&#8221; images=&#8221;88,89,90,91&#8243; img_size=&#8221;full&#8221; onclick=&#8221;&#8221; column_number=&#8221;4&#8243; grayscale=&#8221;no&#8221; images_space=&#8221;gallery_without_space&#8221;][\/vc_column][\/vc_row][vc_row css_animation=&#8221;element_from_fade&#8221; row_type=&#8221;row&#8221; use_row_as_full_screen_section=&#8221;no&#8221; type=&#8221;grid&#8221; angled_section=&#8221;no&#8221; text_align=&#8221;left&#8221; background_image_as_pattern=&#8221;without_pattern&#8221; padding_top=&#8221;70&#8243; padding_bottom=&#8221;70&#8243; z_index=&#8221;&#8221;][vc_column width=&#8221;1\/3&#8243;][vc_single_image image=&#8221;322&#8243; img_size=&#8221;full&#8221; alignment=&#8221;center&#8221; qode_css_animation=&#8221;&#8221;][vc_separator type=&#8221;transparent&#8221; up=&#8221;20&#8243;][\/vc_column][vc_column width=&#8221;1\/3&#8243;][vc_single_image image=&#8221;323&#8243; img_size=&#8221;full&#8221; alignment=&#8221;center&#8221; qode_css_animation=&#8221;&#8221;][vc_separator type=&#8221;transparent&#8221; up=&#8221;20&#8243;][\/vc_column][vc_column width=&#8221;1\/3&#8243;][vc_single_image image=&#8221;324&#8243; img_size=&#8221;full&#8221; alignment=&#8221;center&#8221; qode_css_animation=&#8221;&#8221;][vc_separator type=&#8221;transparent&#8221; up=&#8221;20&#8243;][\/vc_column][\/vc_row][vc_row css_animation=&#8221;element_from_fade&#8221; row_type=&#8221;row&#8221; use_row_as_full_screen_section=&#8221;no&#8221; type=&#8221;grid&#8221; angled_section=&#8221;no&#8221; text_align=&#8221;center&#8221; background_image=&#8221;703&#8243; background_image_as_pattern=&#8221;without_pattern&#8221; el_class=&#8221;home_visitans&#8221; z_index=&#8221;&#8221;][vc_column][vc_column_text]<\/p>\n<h3 style=\"text-align: center;\">Visita\u2019ns al nostre magatzem de Manresa.<\/h3>\n<p style=\"text-align: center;\">Et podrem oferir els nostres productes a granel, o en diferents formats:<br \/>\nvi cl\u00e0ssic, vins especials de Catalunya, Montsant, Empord\u00e0, Terra Alta i d\u00b4altres regions com Logro\u00f1o, Valadolid i Arag\u00f3. Tamb\u00e9 excel\u00b7lents vins generosos, moscatell, mistela, vi ranci, vi de missa&#8230; tamb\u00e9 a granel!<\/p>\n<p>[\/vc_column_text][\/vc_column][\/vc_row]<\/p>\n<\/div>","protected":false},"excerpt":{"rendered":"<p>[vc_row css_animation=&#8221;element_from_fade&#8221; row_type=&#8221;row&#8221; use_row_as_full_screen_section=&#8221;no&#8221; type=&#8221;grid&#8221; angled_section=&#8221;no&#8221; text_align=&#8221;left&#8221; background_image_as_pattern=&#8221;without_pattern&#8221; padding_top=&#8221;40&#8243; padding_bottom=&#8221;40&#8243; z_index=&#8221;&#8221;][vc_column][vc_column_text el_class=&#8221;section_title&#8221;] Vins Pravi, escollim, envasem i distribu\u00efm vi Embotellament, venda i distribuci\u00f3 de vi per a restaurants i establiments [\/vc_column_text][vc_single_image image=&#8221;42&#8243; img_size=&#8221;full&#8221; alignment=&#8221;center&#8221; qode_css_animation=&#8221;&#8221;][\/vc_column][\/vc_row][vc_row css_animation=&#8221;element_from_fade&#8221; row_type=&#8221;row&#8221; use_row_as_full_screen_section=&#8221;no&#8221; type=&#8221;grid&#8221; angled_section=&#8221;no&#8221; text_align=&#8221;left&#8221; background_image_as_pattern=&#8221;without_pattern&#8221; z_index=&#8221;&#8221;][vc_column width=&#8221;1\/2&#8243; el_class=&#8221;col-more-sep&#8221;][vc_column_text]Vins&#8230;<\/p>\n","protected":false},"author":1,"featured_media":0,"parent":0,"menu_order":0,"comment_status":"closed","ping_status":"closed","template":"full_width.php","meta":{"footnotes":""},"class_list":["post-209","page","type-page","status-publish","hentry"],"_links":{"self":[{"href":"https:\/\/www.vinspravi.es\/ca\/wp-json\/wp\/v2\/pages\/209","targetHints":{"allow":["GET"]}}],"collection":[{"href":"https:\/\/www.vinspravi.es\/ca\/wp-json\/wp\/v2\/pages"}],"about":[{"href":"https:\/\/www.vinspravi.es\/ca\/wp-json\/wp\/v2\/types\/page"}],"author":[{"embeddable":true,"href":"https:\/\/www.vinspravi.es\/ca\/wp-json\/wp\/v2\/users\/1"}],"replies":[{"embeddable":true,"href":"https:\/\/www.vinspravi.es\/ca\/wp-json\/wp\/v2\/comments?post=209"}],"version-history":[{"count":11,"href":"https:\/\/www.vinspravi.es\/ca\/wp-json\/wp\/v2\/pages\/209\/revisions"}],"predecessor-version":[{"id":1054,"href":"https:\/\/www.vinspravi.es\/ca\/wp-json\/wp\/v2\/pages\/209\/revisions\/1054"}],"wp:attachment":[{"href":"https:\/\/www.vinspravi.es\/ca\/wp-json\/wp\/v2\/media?parent=209"}],"curies":[{"name":"wp","href":"https:\/\/api.w.org\/{rel}","templated":true}]}}

Presentació

<div class="wpb-content-wrapper"><p>[vc_row css_animation=&#8221;element_from_fade&#8221; row_type=&#8221;row&#8221; use_row_as_full_screen_section=&#8221;no&#8221; type=&#8221;grid&#8221; angled_section=&#8221;no&#8221; text_align=&#8221;left&#8221; background_image_as_pattern=&#8221;without_pattern&#8221; padding_top=&#8221;40&#8243; padding_bottom=&#8221;40&#8243; z_index=&#8221;&#8221;][vc_column][vc_column_text el_class=&#8221;section_title&#8221;]</p>
<h1 style="text-align: center;">Vins Pravi, escollim, envasem i distribuïm vi</h1>
<p style="text-align: center;">Embotellament, venda i distribució de vi per a restaurants i establiments</p>
<p>[/vc_column_text][vc_single_image image=&#8221;42&#8243; img_size=&#8221;full&#8221; alignment=&#8221;center&#8221; qode_css_animation=&#8221;&#8221;][/vc_column][/vc_row][vc_row css_animation=&#8221;element_from_fade&#8221; row_type=&#8221;row&#8221; use_row_as_full_screen_section=&#8221;no&#8221; type=&#8221;grid&#8221; angled_section=&#8221;no&#8221; text_align=&#8221;left&#8221; background_image_as_pattern=&#8221;without_pattern&#8221; z_index=&#8221;&#8221;][vc_column width=&#8221;1/2&#8243; el_class=&#8221;col-more-sep&#8221;][vc_column_text]Vins Pravi, és una empresa envasadora de vi que nasqué el 1964 de la mà del seu fundador, Josep Prat. Des de l’etiqueta d’empresa familiar, l’esforç personal, l’empenta i la qualitat humana, han fet possible que passats mes de 50 anys, segueixi envasant i distribuint els seus productes.</p>
<p>En aquest camí, al llarg de les dècades, s’hi ha unit la creació de marques pròpies Gran Pravi, Vinya del Pont … , darrera les quals, hi ha vi de gran qualitat a un preu ajustat. Per a aquest propòsit, la innovació tecnològica va ha tingut un paper destacat. Des de les omplidores manuals, passant per les primers màquines d’omplir garrafes, fins les d’ injecció de gas nitrogen. Des de la pasteurització fins les darreres tècniques de microfiltració bacteriana del vi.[/vc_column_text][/vc_column][vc_column width=&#8221;1/2&#8243; el_class=&#8221;col-more-sep&#8221;][vc_column_text]Tot això, ha servit per adequar els diferents productes a les necessitats dels nostres clients. La culminació d’aquest esforç perllongat al llarg del temps, arribà el 2004, moment que Vins Pravi s’adherí a la Denominació d’Origen Catalunya. Des d’aquest instant, una nova marca anomenada Heredad Condal, i de la mà i garantia de la D.O. Catalunya, inicià un viatge a través de les taules del país.</p>
<p>Des de la humilitat, la modèstia i l’esforç, que ha caracteritzat l’empresa des dels seus origens, ens plau poder presentar a dia d’avui una família de productes que s’estén des dels mes tradicionals vins de taula fins als vins de Denominació d’Origen. Per a nosaltres es un plaer i un honor formar part de la rica i històrica oferta vinícola d’aquest país.[/vc_column_text][/vc_column][/vc_row][vc_row css_animation=&#8221;element_from_fade&#8221; row_type=&#8221;row&#8221; use_row_as_full_screen_section=&#8221;no&#8221; type=&#8221;grid&#8221; angled_section=&#8221;no&#8221; text_align=&#8221;left&#8221; background_image_as_pattern=&#8221;without_pattern&#8221; padding_top=&#8221;70&#8243; padding_bottom=&#8221;70&#8243; z_index=&#8221;&#8221;][vc_column][vc_gallery type=&#8221;image_grid&#8221; images=&#8221;88,89,90,91&#8243; img_size=&#8221;full&#8221; onclick=&#8221;&#8221; column_number=&#8221;4&#8243; grayscale=&#8221;no&#8221; images_space=&#8221;gallery_without_space&#8221;][/vc_column][/vc_row][vc_row css_animation=&#8221;element_from_fade&#8221; row_type=&#8221;row&#8221; use_row_as_full_screen_section=&#8221;no&#8221; type=&#8221;grid&#8221; angled_section=&#8221;no&#8221; text_align=&#8221;left&#8221; background_image_as_pattern=&#8221;without_pattern&#8221; padding_top=&#8221;70&#8243; padding_bottom=&#8221;70&#8243; z_index=&#8221;&#8221;][vc_column width=&#8221;1/3&#8243;][vc_single_image image=&#8221;322&#8243; img_size=&#8221;full&#8221; alignment=&#8221;center&#8221; qode_css_animation=&#8221;&#8221;][vc_separator type=&#8221;transparent&#8221; up=&#8221;20&#8243;][/vc_column][vc_column width=&#8221;1/3&#8243;][vc_single_image image=&#8221;323&#8243; img_size=&#8221;full&#8221; alignment=&#8221;center&#8221; qode_css_animation=&#8221;&#8221;][vc_separator type=&#8221;transparent&#8221; up=&#8221;20&#8243;][/vc_column][vc_column width=&#8221;1/3&#8243;][vc_single_image image=&#8221;324&#8243; img_size=&#8221;full&#8221; alignment=&#8221;center&#8221; qode_css_animation=&#8221;&#8221;][vc_separator type=&#8221;transparent&#8221; up=&#8221;20&#8243;][/vc_column][/vc_row][vc_row css_animation=&#8221;element_from_fade&#8221; row_type=&#8221;row&#8221; use_row_as_full_screen_section=&#8221;no&#8221; type=&#8221;grid&#8221; angled_section=&#8221;no&#8221; text_align=&#8221;center&#8221; background_image=&#8221;703&#8243; background_image_as_pattern=&#8221;without_pattern&#8221; el_class=&#8221;home_visitans&#8221; z_index=&#8221;&#8221;][vc_column][vc_column_text]</p>
<h3 style="text-align: center;">Visita’ns al nostre magatzem de Manresa.</h3>
<p style="text-align: center;">Et podrem oferir els nostres productes a granel, o en diferents formats:<br />
vi clàssic, vins especials de Catalunya, Montsant, Empordà, Terra Alta i d´altres regions com Logroño, Valadolid i Aragó. També excel·lents vins generosos, moscatell, mistela, vi ranci, vi de missa&#8230; també a granel!</p>
<p>[/vc_column_text][/vc_column][/vc_row]</p>
</div>

<p>[vc_row css_animation=&#8221;element_from_fade&#8221; row_type=&#8221;row&#8221; use_row_as_full_screen_section=&#8221;no&#8221; type=&#8221;grid&#8221; angled_section=&#8221;no&#8221; text_align=&#8221;left&#8221; background_image_as_pattern=&#8221;without_pattern&#8221; padding_top=&#8221;40&#8243; padding_bottom=&#8221;40&#8243; z_index=&#8221;&#8221;][vc_column][vc_column_text el_class=&#8221;section_title&#8221;] Vins Pravi, escollim, envasem i distribuïm vi Embotellament, venda i distribució de vi per a restaurants i establiments [/vc_column_text][vc_single_image image=&#8221;42&#8243; img_size=&#8221;full&#8221; alignment=&#8221;center&#8221; qode_css_animation=&#8221;&#8221;][/vc_column][/vc_row][vc_row css_animation=&#8221;element_from_fade&#8221; row_type=&#8221;row&#8221; use_row_as_full_screen_section=&#8221;no&#8221; type=&#8221;grid&#8221; angled_section=&#8221;no&#8221; text_align=&#8221;left&#8221; background_image_as_pattern=&#8221;without_pattern&#8221; z_index=&#8221;&#8221;][vc_column width=&#8221;1/2&#8243; el_class=&#8221;col-more-sep&#8221;][vc_column_text]Vins&#8230;</p>
