{"id":200,"date":"2018-06-23T15:12:14","date_gmt":"2018-06-23T13:12:14","guid":{"rendered":"http:\/\/www.vinspravi.es\/magatzem\/"},"modified":"2021-03-30T16:33:24","modified_gmt":"2021-03-30T14:33:24","slug":"magatzem","status":"publish","type":"page","link":"https:\/\/www.vinspravi.es\/ca\/magatzem\/","title":{"rendered":"Magatzem"},"content":{"rendered":"<div class=\"wpb-content-wrapper\"><p>[vc_row css_animation=&#8221;element_from_fade&#8221; row_type=&#8221;row&#8221; use_row_as_full_screen_section=&#8221;no&#8221; type=&#8221;grid&#8221; angled_section=&#8221;no&#8221; text_align=&#8221;left&#8221; background_image_as_pattern=&#8221;without_pattern&#8221; padding_top=&#8221;40&#8243; padding_bottom=&#8221;40&#8243; z_index=&#8221;&#8221;][vc_column][vc_column_text el_class=&#8221;section_title&#8221;]<\/p>\n<h1 style=\"text-align: center;\">Cal Pravi, botiga de vins, caves, licors i begudes a Manresa des de 1964<\/h1>\n<p style=\"text-align: center;\">Magatzem de venda a particulars de vi en diferents formats, altres begudes i refrescos<\/p>\n<p>[\/vc_column_text][\/vc_column][\/vc_row][vc_row css_animation=&#8221;element_from_fade&#8221; row_type=&#8221;row&#8221; use_row_as_full_screen_section=&#8221;no&#8221; type=&#8221;grid&#8221; angled_section=&#8221;no&#8221; text_align=&#8221;left&#8221; background_image_as_pattern=&#8221;without_pattern&#8221; padding_bottom=&#8221;70&#8243; z_index=&#8221;&#8221;][vc_column width=&#8221;1\/2&#8243; el_class=&#8221;col-more-sep&#8221;][vc_column_text]La nostra botiga\/magatzem, ubicada a Manresa, est\u00e0 destinada a la venda a particulars dels nostres vins Aqu\u00ed podeu trobar els nostres coneguts vins cl\u00e0ssics i vins de licor, tant a granel com tamb\u00e9 embotellats en diferents formats.<\/p>\n<p>El magatzem de &#8220;CAL PRAVI&#8221; \u00e9s el nom amb qu\u00e8 ens coneixen els nostres ve\u00efns i clients habituals des de fa m\u00e9s de 50 anys. Els avis i pares de molta gent d&#8217;avui de Manresa i de la comarca compraven, a la nostra botiga, el vi cl\u00e0ssic a granel pels menjars de cada dia, en fam\u00edlia i amb el porronet de vi a la taula. Qui no ha sentit a parlar del fam\u00f3s berenar amb pa, vi i sucre?, o b\u00e9 del Moscatell amb galetes, per postres?[\/vc_column_text][vc_separator type=&#8221;transparent&#8221; up=&#8221;40&#8243;][vc_single_image image=&#8221;404&#8243; img_size=&#8221;full&#8221; alignment=&#8221;center&#8221; qode_css_animation=&#8221;&#8221;][vc_separator type=&#8221;transparent&#8221; up=&#8221;40&#8243;][\/vc_column][vc_column width=&#8221;1\/2&#8243; el_class=&#8221;col-more-sep&#8221;][vc_single_image image=&#8221;403&#8243; img_size=&#8221;full&#8221; alignment=&#8221;center&#8221; qode_css_animation=&#8221;&#8221;][vc_separator type=&#8221;transparent&#8221; up=&#8221;40&#8243;][vc_column_text]Creada el 1961 mant\u00e9 l&#8217;aspecte del celler de vi original. Amb el temps, hem anat incorporant, com a complement, altres begudes que ens demanen els nostres clients: licors, caves, refrescos, vinagres, oli, aig\u00fces, &#8230; i darrerament, vins a granel especials; varietals o b\u00e9 d&#8217;indrets reconeguts de Catalunya i Espanya.<\/p>\n<p>Actualment, gent de noves generacions, tornen a descobrir els vins cl\u00e0ssics, d&#8217;elaboracions senzilles, m\u00e9s econ\u00f2mics, per\u00f2 molt dignes, i tamb\u00e9 per a nous vins, d&#8217;elaboracions m\u00e9s complexes, varietals i d&#8217;indrets reconeguts. A la fi els interessa novament el vi, una begudanatural, de milers d&#8217;any d&#8217;antiguitat, nostra, mediterr\u00e0nia, i que presa amb la deguda moderaci\u00f3, ens aporta beneficis f\u00edsics i ens obre les portes de les relacions socials.[\/vc_column_text][\/vc_column][\/vc_row][vc_row css_animation=&#8221;element_from_fade&#8221; row_type=&#8221;row&#8221; use_row_as_full_screen_section=&#8221;no&#8221; type=&#8221;grid&#8221; angled_section=&#8221;no&#8221; text_align=&#8221;center&#8221; background_image_as_pattern=&#8221;without_pattern&#8221; padding_top=&#8221;0&#8243; z_index=&#8221;&#8221;][vc_column][vc_column_text el_class=&#8221;section_title&#8221;]<\/p>\n<h2 style=\"text-align: center;\">Actualitat<\/h2>\n<p>[\/vc_column_text]\n<div class='latest_post_holder boxes three_columns one_row' >\n    <ul>\n        <\/ul>\n<\/div>[\/vc_column][\/vc_row]<\/p>\n<\/div>","protected":false},"excerpt":{"rendered":"<p>[vc_row css_animation=&#8221;element_from_fade&#8221; row_type=&#8221;row&#8221; use_row_as_full_screen_section=&#8221;no&#8221; type=&#8221;grid&#8221; angled_section=&#8221;no&#8221; text_align=&#8221;left&#8221; background_image_as_pattern=&#8221;without_pattern&#8221; padding_top=&#8221;40&#8243; padding_bottom=&#8221;40&#8243; z_index=&#8221;&#8221;][vc_column][vc_column_text el_class=&#8221;section_title&#8221;] Cal Pravi, botiga de vins, caves, licors i begudes a Manresa des de 1964 Magatzem de venda a particulars de vi en diferents formats, altres begudes i refrescos [\/vc_column_text][\/vc_column][\/vc_row][vc_row css_animation=&#8221;element_from_fade&#8221; row_type=&#8221;row&#8221; use_row_as_full_screen_section=&#8221;no&#8221; type=&#8221;grid&#8221;&#8230;<\/p>\n","protected":false},"author":1,"featured_media":0,"parent":0,"menu_order":0,"comment_status":"closed","ping_status":"closed","template":"full_width.php","meta":{"footnotes":""},"class_list":["post-200","page","type-page","status-publish","hentry"],"_links":{"self":[{"href":"https:\/\/www.vinspravi.es\/ca\/wp-json\/wp\/v2\/pages\/200","targetHints":{"allow":["GET"]}}],"collection":[{"href":"https:\/\/www.vinspravi.es\/ca\/wp-json\/wp\/v2\/pages"}],"about":[{"href":"https:\/\/www.vinspravi.es\/ca\/wp-json\/wp\/v2\/types\/page"}],"author":[{"embeddable":true,"href":"https:\/\/www.vinspravi.es\/ca\/wp-json\/wp\/v2\/users\/1"}],"replies":[{"embeddable":true,"href":"https:\/\/www.vinspravi.es\/ca\/wp-json\/wp\/v2\/comments?post=200"}],"version-history":[{"count":11,"href":"https:\/\/www.vinspravi.es\/ca\/wp-json\/wp\/v2\/pages\/200\/revisions"}],"predecessor-version":[{"id":1334,"href":"https:\/\/www.vinspravi.es\/ca\/wp-json\/wp\/v2\/pages\/200\/revisions\/1334"}],"wp:attachment":[{"href":"https:\/\/www.vinspravi.es\/ca\/wp-json\/wp\/v2\/media?parent=200"}],"curies":[{"name":"wp","href":"https:\/\/api.w.org\/{rel}","templated":true}]}}

<div class="wpb-content-wrapper"><p>[vc_row css_animation=&#8221;element_from_fade&#8221; row_type=&#8221;row&#8221; use_row_as_full_screen_section=&#8221;no&#8221; type=&#8221;grid&#8221; angled_section=&#8221;no&#8221; text_align=&#8221;left&#8221; background_image_as_pattern=&#8221;without_pattern&#8221; padding_top=&#8221;40&#8243; padding_bottom=&#8221;40&#8243; z_index=&#8221;&#8221;][vc_column][vc_column_text el_class=&#8221;section_title&#8221;]</p>
<h1 style="text-align: center;">Cal Pravi, botiga de vins, caves, licors i begudes a Manresa des de 1964</h1>
<p style="text-align: center;">Magatzem de venda a particulars de vi en diferents formats, altres begudes i refrescos</p>
<p>[/vc_column_text][/vc_column][/vc_row][vc_row css_animation=&#8221;element_from_fade&#8221; row_type=&#8221;row&#8221; use_row_as_full_screen_section=&#8221;no&#8221; type=&#8221;grid&#8221; angled_section=&#8221;no&#8221; text_align=&#8221;left&#8221; background_image_as_pattern=&#8221;without_pattern&#8221; padding_bottom=&#8221;70&#8243; z_index=&#8221;&#8221;][vc_column width=&#8221;1/2&#8243; el_class=&#8221;col-more-sep&#8221;][vc_column_text]La nostra botiga/magatzem, ubicada a Manresa, està destinada a la venda a particulars dels nostres vins Aquí podeu trobar els nostres coneguts vins clàssics i vins de licor, tant a granel com també embotellats en diferents formats.</p>
<p>El magatzem de &#8220;CAL PRAVI&#8221; és el nom amb què ens coneixen els nostres veïns i clients habituals des de fa més de 50 anys. Els avis i pares de molta gent d&#8217;avui de Manresa i de la comarca compraven, a la nostra botiga, el vi clàssic a granel pels menjars de cada dia, en família i amb el porronet de vi a la taula. Qui no ha sentit a parlar del famós berenar amb pa, vi i sucre?, o bé del Moscatell amb galetes, per postres?[/vc_column_text][vc_separator type=&#8221;transparent&#8221; up=&#8221;40&#8243;][vc_single_image image=&#8221;404&#8243; img_size=&#8221;full&#8221; alignment=&#8221;center&#8221; qode_css_animation=&#8221;&#8221;][vc_separator type=&#8221;transparent&#8221; up=&#8221;40&#8243;][/vc_column][vc_column width=&#8221;1/2&#8243; el_class=&#8221;col-more-sep&#8221;][vc_single_image image=&#8221;403&#8243; img_size=&#8221;full&#8221; alignment=&#8221;center&#8221; qode_css_animation=&#8221;&#8221;][vc_separator type=&#8221;transparent&#8221; up=&#8221;40&#8243;][vc_column_text]Creada el 1961 manté l&#8217;aspecte del celler de vi original. Amb el temps, hem anat incorporant, com a complement, altres begudes que ens demanen els nostres clients: licors, caves, refrescos, vinagres, oli, aigües, &#8230; i darrerament, vins a granel especials; varietals o bé d&#8217;indrets reconeguts de Catalunya i Espanya.</p>
<p>Actualment, gent de noves generacions, tornen a descobrir els vins clàssics, d&#8217;elaboracions senzilles, més econòmics, però molt dignes, i també per a nous vins, d&#8217;elaboracions més complexes, varietals i d&#8217;indrets reconeguts. A la fi els interessa novament el vi, una begudanatural, de milers d&#8217;any d&#8217;antiguitat, nostra, mediterrània, i que presa amb la deguda moderació, ens aporta beneficis físics i ens obre les portes de les relacions socials.[/vc_column_text][/vc_column][/vc_row][vc_row css_animation=&#8221;element_from_fade&#8221; row_type=&#8221;row&#8221; use_row_as_full_screen_section=&#8221;no&#8221; type=&#8221;grid&#8221; angled_section=&#8221;no&#8221; text_align=&#8221;center&#8221; background_image_as_pattern=&#8221;without_pattern&#8221; padding_top=&#8221;0&#8243; z_index=&#8221;&#8221;][vc_column][vc_column_text el_class=&#8221;section_title&#8221;]</p>
<h2 style="text-align: center;">Actualitat</h2>
<p>[/vc_column_text]
<div class='latest_post_holder boxes three_columns one_row' >
    <ul>
        </ul>
</div>[/vc_column][/vc_row]</p>
</div>
